
1110000110000011110101
In base 6, what is 20423401 + 21?
20423422
In base 10, what is -4 - 2358540?
-2358544
In base 13, what is -1323a + 3c4?
-12b46
In base 9, what is 14701303 - -67?
14701371
In base 2, what is 1001100100000100000001110111 - 0?
1001100100000100000001110111
In base 12, what is 0 - 313b08?
-313b08
In base 8, what is 6576121 - -43?
6576164
In base 15, what is 9310265 + 4?
9310269
In base 16, what is 0 - 6fc21a?
-6fc21a
In base 4, what is -223232 + -2030310?
-2320202
In base 13, what is -84c547 - -1?
-84c546
In base 8, what is -1663277 + -1?
-1663300
In base 16, what is 3 + 50e96a9?
50e96ac
In base 14, what is -1b8 + 1a491b?
1a4743
In base 7, what is 2 - 132436561?
-132436556
In base 7, what is 53210521 + 14?
53210535
In base 12, what is 9b26a0 - 0?
9b26a0
In base 14, what is 1022 - -12910?
13932
In base 14, what is -2 - -5894b0?
5894ac
In base 16, what is 1dc + b9f8c?
ba168
In base 15, what is 17e147 + -3?
17e144
In base 14, what is 2a8 + -316db8?
-316b10
In base 5, what is -1444224430 - -22?
-1444224403
In base 10, what is 5 + 3309805?
3309810
In base 3, what is -12111112 + 2200000121?
2110112002
In base 15, what is 48 + -6589?
-6541
In base 16, what is -669c + f41?
-575b
In base 16, what is -82 - -10862?
107e0
In base 15, what is -45 - -469b9a?
469b55
In base 12, what is 830a7b33 - -4?
830a7b37
In base 5, what is -1 - -3020011443?
3020011442
In base 13, what is 127a - -17319b?
174448
In base 16, what is 30856 + -1?
30855
In base 13, what is -3 + -417c06?
-417c09
In base 7, what is -1202 - -26310051?
26305546
In base 4, what is 111202 + -23120200?
-23002332
In base 10, what is 12620578 + 4?
12620582
In base 5, what is -421000132 + 4?
-421000123
In base 10, what is -69201395 + 16?
-69201379
In base 6, what is -23104 + 41002?
13454
In base 13, what is 2171 - 6b2b?
-498a
In base 3, what is 20 - -1022211220200?
1022211220220
In base 5, what is -2001404303 + 3?
-2001404300
In base 15, what is -11490e6 - 5?
-11490eb
In base 2, what is 10101000111100111000111000 - -100?
10101000111100111000111100
In base 6, what is 3113 - -140223?
143340
In base 3, what is -1201210 - -20220010?
12011100
In base 15, what is 375 + ba6?
102b
In base 8, what is 5 - 527005126?
-527005121
In base 10, what is 28070 - -12091?
40161
In base 4, what is -10103 - 11201020?
-11211123
In base 3, what is -22001210 - -11021?
-21220112
In base 5, what is -1030224011 - -103?
-1030223403
In base 7, what is -1650565 - -464?
-1650101
In base 14, what is -bb6b170 - -1?
-bb6b16d
In base 15, what is 22 + -85ebdd?
-85ebbb
In base 4, what is -10 - -2332023030130?
2332023030120
In base 10, what is -13270636 - -3?
-13270633
In base 3, what is 220112010 + -201110100?
12001210
In base 3, what is 121111020020 + 2220?
121111100010
In base 12, what is -4 - 3410b846?
-3410b84a
In base 16, what is -69f01 - -4f8?
-69a09
In base 8, what is 4125 - -102624?
106751
In base 5, what is -10 - 24031440?
-24032000
In base 12, what is -175899 + 14?
-175885
In base 13, what is -1553612 + 3?
-155360c
In base 13, what is 17b128 + -15a?
17ac9b
In base 8, what is -247220 + 27333?
-217665
In base 2, what is -10011101 + 101110000010000?
101101101110011
In base 11, what is 4 - -20442784?
20442788
In base 10, what is 40048 - 9818?
30230
In base 4, what is 10322000123 - 11?
10322000112
In base 5, what is -3 - 14210044144?
-14210044202
In base 3, what is -1002011112121011 + 22?
-1002011112120212
In base 8, what is 6117641 + -11?
6117630
In base 12, what is 1497937 + -151?
14977a6
In base 15, what is -18e5980 - -8?
-18e5977
In base 14, what is -d - -4638c2?
4638b3
In base 6, what is 122 + 43004?
43130
In base 9, what is -24817 - 5342?
-31260
In base 15, what is 4 - -37bb071?
37bb075
In base 14, what is b49da0 + 4?
b49da4
In base 13, what is 70 - -5158?
51c8
In base 15, what is 13b894e + 0?
13b894e
In base 4, what is -120203230001 - -1?
-120203230000
In base 11, what is 184a0 - 7811?
1078a
In base 9, what is -4757715 - -5?
-4757710
In base 7, what is -3600515 + -22?
-3600540
In base 11, what is -3 + -4371825?
-4371828
In base 6, what is -20 - 335220524?
-335220544
In base 3, what is 1212 - 100020020121?
-100020011202
In base 4, what is 30111 + 3121001013?
3121031130
In base 2, what is -1 + -1110001010110001010?
-1110001010110001011
In base 14, what is 249354 - -24?
249378
In base 6, what is -1 - 2450434111?
-2450434112
In base 5, what is 10 - 320013043440?
-320013043430
In base 8, what is -26737661 + 27?
-26737632
In base 13, what is b08 + -4988?
-3b80
In base 16, what is -38 - -1f5c30?
1f5bf8
In base 16, what is 24cc871 + -3?
24cc86e
In base 11, what is -8603 - 1383?
-9986
In base 11, what is -16 - -1122?
1107
In base 13, what is 60 - 10a87?
-10a27
In base 12, what is 59aa77 + -13?
59aa64
In base 10, what is 0 + 12579815?
12579815
In base 11, what is 3 - -17323780a?
173237812
In base 10, what is -4 + 1507866?
1507862
In base 16, what is -a06 - -74?
-992
In base 2, what is 1 + 1000111101011100101000111000?
1000111101011100101000111001
In base 9, what is -20763 - 21207?
-42071
In base 16, what is 1 - -ba32161?
ba32162
In base 4, what is 22 - -2020023130023?
2020023130111
In base 10, what is 73726 - 37?
73689
In base 8, what is -104 + -264555?
-264661
In base 10, what is -3647010 + -4?
-3647014
In base 16, what is dad9 + 75?
db4e
In base 6, what is -11311 - -120154?
104443
In base 7, what is -464525645 + -10?
-464525655
In base 4, what is 200302302 - 201013?
200101223
In base 15, what is -3c44 + 12d?
-3b16
In base 2, what is 1011001100101011100 + -10100?
1011001100101001000
In base 16, what is b0ced38 + 4?
b0ced3c
In base 11, what is -1 - 65479691?
-65479692
In base 5, what is 303210344320 - -4?
303210344324
In base 4, what is 0 + 12303320332?
12303320332
In base 9, what is 210 - -285772?
286082
In base 2, what is -11100100 + -1001100111010010?
-1001101010110110
In base 9, what is 1388853 + 151?
1400114
In base 4, what is -102002100 - -1321?
-102000113
In base 12, what is 9a368 + -70?
9a2b8
In base 7, what is -3 + -342140036?
-342140042
In base 11, what is -6 - -36359345?
3635933a
In base 14, what is -15 + -10254?
-10269
In base 6, what is 5553435452 + -2?
5553435450
In base 14, what is -3 + 15619311?
1561930c
In base 14, what is -10b5 - ab6b?
-bc42
In base 6, what is 1520332245 + 1?
1520332250
In base 3, what is -100120200221 - 2120?
-100120210111
In base 12, what is 1482760 - -4?
1482764
In base 5, what is -2 + -23143134332?
-23143134334
In base 10, what is 524515082 + 1?
524515083
In base 2, what is -101111010110000110110 - 111?
-101111010110000111101
In base 13, what is 156975 + -10?
156965
In base 16, what is 98 + e68b?
e723
In base 11, what is -8aa + -221531?
-222330
In base 14, what is 4a - -1038b?
103d7
In base 2, what is -11111011010001 + 101010?
-11111010100111
In base 5, what is 114 + 13043112043?
13043112212
In base 10, what is 4921019 - 62?
4920957
In base 5, what is 213 + -1423141?
-1422423
In base 11, what is 445930 - -16?
445946
In base 13, what is -9b9b070 - -6?
-9b9b067
In base 14, what is 21ab1c4 - -5?
21ab1c9
In base 15, what is 69b5cd28 - 1?
69b5cd27
In base 2, what is 101010000001000110 + 101000011?
101010000110001001
In base 16, what is be - 365cc7?
-365c09
In base 11, what is 1231497 - -141?
1231628
In base 12, what is b0 + 11132b3?
11133a3
In base 15, what is -52ad4923 - -2?
-52ad4921
In base 15, what is d73 - -465?
12d8
In base 4, what is 23320 + -1212?
22102
In base 15, what is -75 - 12853?
-128c8
In base 14, what is -b + -50c27?
-50c34
In base 4, what is 1033 + 101203200?
101210233
In base 11, what is -836 - 2597?
-3322
In base 4, what is 2101113 - 323313?
1111200
In base 6, what is -23 + 53533231?
53533204
In base 11, what is -4 + 108844363?
10884435a
In base 2, what is 11 + -10101101001110011110100011?
-10101101001110011110100000
In base 3, what is -20120201 + -2211?
-20200112
In base 12, what is 366 + 72a83?
73229
In base 11, what is 5a666884 - 1?
5a666883
In base 11, what is -59a944 - -12?
-59a932
In base 15, what is 2d5d33 + -b?
2d5d27
In base 3, what is 100100010 + -22020?
100000220
In base 8, what is 107436 + 236?
107674
In base 10, what is -105677 - 64?
-105741
In base 10, what is -3 + -18205622?
-18205625
In base 11, what is 7 - -1003257a?
10032586
In base 13, what is